{"id":197,"date":"2023-09-11T13:59:21","date_gmt":"2023-09-11T16:59:21","guid":{"rendered":"https:\/\/seel-sp.org.br\/web\/?page_id=197"},"modified":"2026-03-03T22:03:52","modified_gmt":"2026-03-04T01:03:52","slug":"beneficios","status":"publish","type":"page","link":"https:\/\/seel-sp.org.br\/web\/beneficios\/","title":{"rendered":"Benef\u00edcios"},"content":{"rendered":"\t\t<div data-elementor-type=\"wp-page\" data-elementor-id=\"197\" class=\"elementor elementor-197\" data-elementor-post-type=\"page\">\n\t\t\t\t<div class=\"elementor-element elementor-element-5953dc4 e-flex e-con-boxed e-con e-parent\" data-id=\"5953dc4\" data-element_type=\"container\">\n\t\t\t\t\t<div class=\"e-con-inner\">\n\t\t<div class=\"elementor-element elementor-element-bd36636 e-con-full e-flex e-con e-child\" data-id=\"bd36636\" data-element_type=\"container\">\n\t\t<div class=\"elementor-element elementor-element-fd0ec24 e-con-full e-flex e-con e-child\" data-id=\"fd0ec24\" data-element_type=\"container\">\n\t\t\t\t<div class=\"elementor-element elementor-element-579c461 elementor-widget elementor-widget-image\" data-id=\"579c461\" data-element_type=\"widget\" data-widget_type=\"image.default\">\n\t\t\t\t<div class=\"elementor-widget-container\">\n\t\t\t\t\t\t\t\t\t\t\t\t\t\t\t<img fetchpriority=\"high\" decoding=\"async\" width=\"300\" height=\"214\" src=\"https:\/\/seel-sp.org.br\/web\/wp-content\/uploads\/2023\/09\/contribuicao-300x214-1.jpg\" class=\"attachment-large size-large wp-image-211\" alt=\"SEEL Contribui\u00e7\u00e3o Sindical\" \/>\t\t\t\t\t\t\t\t\t\t\t\t\t\t\t<\/div>\n\t\t\t\t<\/div>\n\t\t\t\t<\/div>\n\t\t<div class=\"elementor-element elementor-element-cc5eca0 e-con-full e-flex e-con e-child\" data-id=\"cc5eca0\" data-element_type=\"container\">\n\t\t\t\t<div class=\"elementor-element elementor-element-1188969 elementor-widget elementor-widget-text-editor\" data-id=\"1188969\" data-element_type=\"widget\" data-widget_type=\"text-editor.default\">\n\t\t\t\t<div class=\"elementor-widget-container\">\n\t\t\t\t\t\t\t\t\t<p><b>Isen\u00e7\u00e3o da contribui\u00e7\u00e3o assistencial<\/b><\/p><p>Legitimada pelo artigo 545 da CLT, a contribui\u00e7\u00e3o assistencial \u00e9 descontada na folha de pagamento de todos os trabalhadores.\u00a0<br \/>A taxa negocial, que garante a exist\u00eancia e manuten\u00e7\u00e3o da sua entidade sindical, obedece \u00e0 legisla\u00e7\u00e3o. A cobran\u00e7a da taxa ser\u00e1 realizada de acordo com a lei, referendada por assembleias convocadas para deliberar sobre o tema. <br \/>Mas se voc\u00ea \u00e9 associado do SEEL, ganha <b>isen\u00e7\u00e3o total<\/b>!<\/p>\t\t\t\t\t\t\t\t<\/div>\n\t\t\t\t<\/div>\n\t\t\t\t<\/div>\n\t\t\t\t<\/div>\n\t\t<div class=\"elementor-element elementor-element-84c12ef e-con-full e-flex e-con e-child\" data-id=\"84c12ef\" data-element_type=\"container\">\n\t\t<div class=\"elementor-element elementor-element-e787d71 e-con-full e-flex e-con e-child\" data-id=\"e787d71\" data-element_type=\"container\">\n\t\t\t\t<div class=\"elementor-element elementor-element-7fcca9b elementor-widget elementor-widget-image\" data-id=\"7fcca9b\" data-element_type=\"widget\" data-widget_type=\"image.default\">\n\t\t\t\t<div class=\"elementor-widget-container\">\n\t\t\t\t\t\t\t\t\t\t\t\t\t\t\t<img decoding=\"async\" width=\"300\" height=\"214\" src=\"https:\/\/seel-sp.org.br\/web\/wp-content\/uploads\/2023\/09\/juridico-300x214-1.jpg\" class=\"attachment-large size-large wp-image-210\" alt=\"SEEL Apoio Jur\u00eddico\" \/>\t\t\t\t\t\t\t\t\t\t\t\t\t\t\t<\/div>\n\t\t\t\t<\/div>\n\t\t\t\t<\/div>\n\t\t<div class=\"elementor-element elementor-element-92ffb74 e-con-full e-flex e-con e-child\" data-id=\"92ffb74\" data-element_type=\"container\">\n\t\t\t\t<div class=\"elementor-element elementor-element-8f22efa elementor-widget elementor-widget-text-editor\" data-id=\"8f22efa\" data-element_type=\"widget\" data-widget_type=\"text-editor.default\">\n\t\t\t\t<div class=\"elementor-widget-container\">\n\t\t\t\t\t\t\t\t\t<p><strong>Apoio jur\u00eddico<\/strong><\/p><p>Voc\u00ea tem d\u00favidas de como sacar seu FGTS, ou de como calcular o tempo de servi\u00e7o e o valor da sua aposentadoria? Se voc\u00ea \u00e9 associado, pode esclarecer estas e muitas outras quest\u00f5es com os <b>advogados do SEEL<\/b>! Basta agendar uma <b>consultoria<\/b> no <b>Plant\u00e3o Jur\u00eddico<\/b>. E se o caso envolver a\u00e7\u00f5es trabalhistas, o SEEL faz um <b>acompanhamento completo<\/b>, orientando, encaminhando processos burocr\u00e1ticos e fazendo todas as representa\u00e7\u00f5es necess\u00e1rias. O Departamento Jur\u00eddico do SEEL tamb\u00e9m \u00e9 respons\u00e1vel por todas as <b>homologa\u00e7\u00f5es<\/b>. Com a assessoria da nossa equipe de advogados, o trabalhador fica tranquilo sabendo que sua recis\u00e3o n\u00e3o apresenta nenhuma irregularidade.<\/p>\t\t\t\t\t\t\t\t<\/div>\n\t\t\t\t<\/div>\n\t\t\t\t<\/div>\n\t\t\t\t<\/div>\n\t\t<div class=\"elementor-element elementor-element-7ad8af8 e-con-full e-flex e-con e-child\" data-id=\"7ad8af8\" data-element_type=\"container\">\n\t\t<div class=\"elementor-element elementor-element-32d164d e-con-full e-flex e-con e-child\" data-id=\"32d164d\" data-element_type=\"container\">\n\t\t\t\t<div class=\"elementor-element elementor-element-6964f1c elementor-widget elementor-widget-image\" data-id=\"6964f1c\" data-element_type=\"widget\" data-widget_type=\"image.default\">\n\t\t\t\t<div class=\"elementor-widget-container\">\n\t\t\t\t\t\t\t\t\t\t\t\t\t\t\t<img decoding=\"async\" width=\"300\" height=\"214\" src=\"https:\/\/seel-sp.org.br\/web\/wp-content\/uploads\/2023\/09\/convencao-300x214-1.jpg\" class=\"attachment-large size-large wp-image-209\" alt=\"SEEL Representa\u00e7\u00e3o na luta pelos direitos do trabalhador\" \/>\t\t\t\t\t\t\t\t\t\t\t\t\t\t\t<\/div>\n\t\t\t\t<\/div>\n\t\t\t\t<\/div>\n\t\t<div class=\"elementor-element elementor-element-1a3c4db e-con-full e-flex e-con e-child\" data-id=\"1a3c4db\" data-element_type=\"container\">\n\t\t\t\t<div class=\"elementor-element elementor-element-8d9071b elementor-widget elementor-widget-text-editor\" data-id=\"8d9071b\" data-element_type=\"widget\" data-widget_type=\"text-editor.default\">\n\t\t\t\t<div class=\"elementor-widget-container\">\n\t\t\t\t\t\t\t\t\t<p><strong>Representa\u00e7\u00e3o na luta pelos direitos do trabalhador<\/strong><\/p><p>Sabe o pagamento de hora-extra, a participa\u00e7\u00e3o nos lucros e resultados (PLR) e o per\u00edodo de licen\u00e7a maternidade? Estes e v\u00e1rios outros direitos s\u00e3o resultado de \u00e1rduas <strong>negocia\u00e7\u00f5es<\/strong> entre o <strong>SEEL<\/strong>, que <strong>representa os trabalhadores em editora<\/strong>, e o sindicato patronal. Com uma <strong>equipe de advogados altamente especializada<\/strong>, o SEEL luta n\u00e3o s\u00f3 pela <strong>manuten\u00e7\u00e3o<\/strong> mas tamb\u00e9m pela amplia\u00e7\u00e3o desses direitos que, uma vez conquistados, passam a integrar a <strong>Conven\u00e7\u00e3o Coletiva de Trabalho<\/strong> da categoria. Um exemplo foi a inclus\u00e3o da cesta-alimenta\u00e7\u00e3o, que, gra\u00e7as ao empenho do SEEL, passou a integrar o pacote de benef\u00edcios a partir do Acordo Coletivo de 2013.<\/p>\t\t\t\t\t\t\t\t<\/div>\n\t\t\t\t<\/div>\n\t\t\t\t<\/div>\n\t\t\t\t<\/div>\n\t\t<div class=\"elementor-element elementor-element-1df256e e-con-full e-flex e-con e-child\" data-id=\"1df256e\" data-element_type=\"container\">\n\t\t<div class=\"elementor-element elementor-element-1db37e8 e-con-full e-flex e-con e-child\" data-id=\"1db37e8\" data-element_type=\"container\">\n\t\t\t\t<div class=\"elementor-element elementor-element-3b827a4 elementor-widget elementor-widget-image\" data-id=\"3b827a4\" data-element_type=\"widget\" data-widget_type=\"image.default\">\n\t\t\t\t<div class=\"elementor-widget-container\">\n\t\t\t\t\t\t\t\t\t\t\t\t\t\t\t<img loading=\"lazy\" decoding=\"async\" width=\"300\" height=\"214\" src=\"https:\/\/seel-sp.org.br\/web\/wp-content\/uploads\/2023\/09\/dentista-300x214-1.jpg\" class=\"attachment-large size-large wp-image-208\" alt=\"SEEL Servi\u00e7os Odontol\u00f3gicos\" \/>\t\t\t\t\t\t\t\t\t\t\t\t\t\t\t<\/div>\n\t\t\t\t<\/div>\n\t\t\t\t<\/div>\n\t\t<div class=\"elementor-element elementor-element-d98812b e-con-full e-flex e-con e-child\" data-id=\"d98812b\" data-element_type=\"container\">\n\t\t\t\t<div class=\"elementor-element elementor-element-e891c5e elementor-widget elementor-widget-text-editor\" data-id=\"e891c5e\" data-element_type=\"widget\" data-widget_type=\"text-editor.default\">\n\t\t\t\t<div class=\"elementor-widget-container\">\n\t\t\t\t\t\t\t\t\t<p><strong>Servi\u00e7os odontol\u00f3gicos<\/strong><\/p><p>S\u00f3 o associado do SEEL tem servi\u00e7os odontol\u00f3gicos exclusivos! O consult\u00f3rio fica na sede do sindicato e, para trabalhadores com piso de at\u00e9 4 sal\u00e1rios, concede 100% de <strong>isen\u00e7\u00e3o no valor das consultas<\/strong>! Para os demais pisos salariais, os <strong>subs\u00eddios<\/strong> s\u00e3o altamente vantajosos. Clique aqui e confira!<\/p>\t\t\t\t\t\t\t\t<\/div>\n\t\t\t\t<\/div>\n\t\t\t\t<\/div>\n\t\t\t\t<\/div>\n\t\t<div class=\"elementor-element elementor-element-659263b e-con-full e-flex e-con e-child\" data-id=\"659263b\" data-element_type=\"container\">\n\t\t<div class=\"elementor-element elementor-element-45b7e6f e-con-full e-flex e-con e-child\" data-id=\"45b7e6f\" data-element_type=\"container\">\n\t\t\t\t<div class=\"elementor-element elementor-element-f1a4648 elementor-widget elementor-widget-image\" data-id=\"f1a4648\" data-element_type=\"widget\" data-widget_type=\"image.default\">\n\t\t\t\t<div class=\"elementor-widget-container\">\n\t\t\t\t\t\t\t\t\t\t\t\t\t\t\t<img loading=\"lazy\" decoding=\"async\" width=\"300\" height=\"214\" src=\"https:\/\/seel-sp.org.br\/web\/wp-content\/uploads\/2023\/09\/nephopq-1.jpg\" class=\"attachment-large size-large wp-image-223\" alt=\"SEEL Assist\u00eancia Psicol\u00f3gica\" \/>\t\t\t\t\t\t\t\t\t\t\t\t\t\t\t<\/div>\n\t\t\t\t<\/div>\n\t\t\t\t<\/div>\n\t\t<div class=\"elementor-element elementor-element-02bf1cd e-con-full e-flex e-con e-child\" data-id=\"02bf1cd\" data-element_type=\"container\">\n\t\t\t\t<div class=\"elementor-element elementor-element-eac5887 elementor-widget elementor-widget-text-editor\" data-id=\"eac5887\" data-element_type=\"widget\" data-widget_type=\"text-editor.default\">\n\t\t\t\t<div class=\"elementor-widget-container\">\n\t\t\t\t\t\t\t\t\t<p><strong>Assist\u00eancia psicol\u00f3gica<\/strong><\/p><p>A press\u00e3o no ambiente de trabalho, a vida corrida e o excesso de compromissos interferem no bem-estar emocional. Para<strong> auxiliar o trabalhador<\/strong> a lidar com essas quest\u00f5es, o associado do SEEL pode contar com o apoio do NEPPHO, um <strong>grupo de profissionais que oferece atendimento psicol\u00f3gico<\/strong>. Para acessar a lista completa de profissionais conveniados, clique aqui. E para saber os valores de descontos, clique aqui.<\/p>\t\t\t\t\t\t\t\t<\/div>\n\t\t\t\t<\/div>\n\t\t\t\t<\/div>\n\t\t\t\t<\/div>\n\t\t<div class=\"elementor-element elementor-element-4c12fc0 e-con-full e-flex e-con e-child\" data-id=\"4c12fc0\" data-element_type=\"container\">\n\t\t<div class=\"elementor-element elementor-element-054ddce e-con-full e-flex e-con e-child\" data-id=\"054ddce\" data-element_type=\"container\">\n\t\t\t\t<div class=\"elementor-element elementor-element-e30bfee elementor-widget elementor-widget-image\" data-id=\"e30bfee\" data-element_type=\"widget\" data-widget_type=\"image.default\">\n\t\t\t\t<div class=\"elementor-widget-container\">\n\t\t\t\t\t\t\t\t\t\t\t\t\t\t\t<img loading=\"lazy\" decoding=\"async\" width=\"300\" height=\"214\" src=\"https:\/\/seel-sp.org.br\/web\/wp-content\/uploads\/2023\/09\/infos-300x214-1.jpg\" class=\"attachment-large size-large wp-image-207\" alt=\"SEEL Informa\u00e7\u00f5es\" \/>\t\t\t\t\t\t\t\t\t\t\t\t\t\t\t<\/div>\n\t\t\t\t<\/div>\n\t\t\t\t<\/div>\n\t\t<div class=\"elementor-element elementor-element-925fd88 e-con-full e-flex e-con e-child\" data-id=\"925fd88\" data-element_type=\"container\">\n\t\t\t\t<div class=\"elementor-element elementor-element-9153081 elementor-widget elementor-widget-text-editor\" data-id=\"9153081\" data-element_type=\"widget\" data-widget_type=\"text-editor.default\">\n\t\t\t\t<div class=\"elementor-widget-container\">\n\t\t\t\t\t\t\t\t\t<p><strong>Informa\u00e7\u00f5es<\/strong><\/p><p>Seja por interesse ou descaso da grande m\u00eddia, muitas not\u00edcias importantes para o trabalhador deixam de ser veiculadas. Por isso, o SEEL produz o jornal <em><strong>Original<\/strong><\/em>\u00a0(que ser\u00e1 publicado em formato digital), com <strong>informa\u00e7\u00f5es exclusivas para o trabalhador em editora<\/strong>, e conta com publica\u00e7\u00f5es como a Revista do Brasil, editada pela Rede Brasil Atual.<\/p>\t\t\t\t\t\t\t\t<\/div>\n\t\t\t\t<\/div>\n\t\t\t\t<\/div>\n\t\t\t\t<\/div>\n\t\t<div class=\"elementor-element elementor-element-9ab3521 e-con-full e-flex e-con e-child\" data-id=\"9ab3521\" data-element_type=\"container\">\n\t\t<div class=\"elementor-element elementor-element-1c379b6 e-con-full e-flex e-con e-child\" data-id=\"1c379b6\" data-element_type=\"container\">\n\t\t\t\t<div class=\"elementor-element elementor-element-9398057 elementor-widget elementor-widget-image\" data-id=\"9398057\" data-element_type=\"widget\" data-widget_type=\"image.default\">\n\t\t\t\t<div class=\"elementor-widget-container\">\n\t\t\t\t\t\t\t\t\t\t\t\t\t\t\t<img loading=\"lazy\" decoding=\"async\" width=\"300\" height=\"214\" src=\"https:\/\/seel-sp.org.br\/web\/wp-content\/uploads\/2023\/09\/colonia-01-300x214-1.jpg\" class=\"attachment-large size-large wp-image-206\" alt=\"SEEL Col\u00f4nia de F\u00e9rias na Praia Grande\" \/>\t\t\t\t\t\t\t\t\t\t\t\t\t\t\t<\/div>\n\t\t\t\t<\/div>\n\t\t\t\t<\/div>\n\t\t<div class=\"elementor-element elementor-element-1fcc1b6 e-con-full e-flex e-con e-child\" data-id=\"1fcc1b6\" data-element_type=\"container\">\n\t\t\t\t<div class=\"elementor-element elementor-element-664eb1e elementor-widget elementor-widget-text-editor\" data-id=\"664eb1e\" data-element_type=\"widget\" data-widget_type=\"text-editor.default\">\n\t\t\t\t<div class=\"elementor-widget-container\">\n\t\t\t\t\t\t\t\t\t<p><strong>Col\u00f4nia de f\u00e9rias<\/strong><\/p>\n<p>Que tal passar as <strong>f\u00e9rias<\/strong> com a fam\u00edlia numa das cidades litor\u00e2neas mais badaladas de S\u00e3o Paulo, hospedado numa col\u00f4nia com toda a <strong>infra-estrutura<\/strong> e a poucos metros da <strong>praia<\/strong>? O associado do SEEL tem tudo isso, pagando somente uma <strong>taxa m\u00ednima de hospedagem<\/strong>! Para saber mais <a href=\"https:\/\/seel-sp.org.br\/web\/colonia-de-ferias\/\">clique aqui<\/a>.<\/p>\t\t\t\t\t\t\t\t<\/div>\n\t\t\t\t<\/div>\n\t\t\t\t<\/div>\n\t\t\t\t<\/div>\n\t\t<div class=\"elementor-element elementor-element-879cf1e e-con-full e-flex e-con e-child\" data-id=\"879cf1e\" data-element_type=\"container\">\n\t\t<div class=\"elementor-element elementor-element-06cddcc e-con-full e-flex e-con e-child\" data-id=\"06cddcc\" data-element_type=\"container\">\n\t\t\t\t<div class=\"elementor-element elementor-element-87d9254 elementor-widget elementor-widget-image\" data-id=\"87d9254\" data-element_type=\"widget\" data-widget_type=\"image.default\">\n\t\t\t\t<div class=\"elementor-widget-container\">\n\t\t\t\t\t\t\t\t\t\t\t\t\t\t\t<img loading=\"lazy\" decoding=\"async\" width=\"300\" height=\"214\" src=\"https:\/\/seel-sp.org.br\/web\/wp-content\/uploads\/2023\/09\/esportes-300x214-1.jpg\" class=\"attachment-large size-large wp-image-205\" alt=\"SEEL Eventos Esportivos\" \/>\t\t\t\t\t\t\t\t\t\t\t\t\t\t\t<\/div>\n\t\t\t\t<\/div>\n\t\t\t\t<\/div>\n\t\t<div class=\"elementor-element elementor-element-2610350 e-con-full e-flex e-con e-child\" data-id=\"2610350\" data-element_type=\"container\">\n\t\t\t\t<div class=\"elementor-element elementor-element-402f750 elementor-widget elementor-widget-text-editor\" data-id=\"402f750\" data-element_type=\"widget\" data-widget_type=\"text-editor.default\">\n\t\t\t\t<div class=\"elementor-widget-container\">\n\t\t\t\t\t\t\t\t\t<p><strong>Eventos esportivos<\/strong><\/p><p>Conhecer os colegas de outras empresas e <strong>construir uma rede de contatos<\/strong> \u00e9 importante para a <strong>vida profissional<\/strong>. Visando a <strong>integra\u00e7\u00e3o entre os trabalhadores<\/strong>, o SEEL promove, gratuitamente, diversos campeonatos esportivos exclusivos para seus associados. E para tornar esta uni\u00e3o ainda mais agrad\u00e1vel, nada como a j\u00e1 tradicional e aguardada confraterniza\u00e7\u00e3o de final de ano!<\/p>\t\t\t\t\t\t\t\t<\/div>\n\t\t\t\t<\/div>\n\t\t\t\t<\/div>\n\t\t\t\t<\/div>\n\t\t<div class=\"elementor-element elementor-element-8204bff e-con-full e-flex e-con e-child\" data-id=\"8204bff\" data-element_type=\"container\">\n\t\t<div class=\"elementor-element elementor-element-2113b66 e-con-full e-flex e-con e-child\" data-id=\"2113b66\" data-element_type=\"container\">\n\t\t\t\t<div class=\"elementor-element elementor-element-d65e6ba elementor-widget elementor-widget-image\" data-id=\"d65e6ba\" data-element_type=\"widget\" data-widget_type=\"image.default\">\n\t\t\t\t<div class=\"elementor-widget-container\">\n\t\t\t\t\t\t\t\t\t\t\t\t\t\t\t<img loading=\"lazy\" decoding=\"async\" width=\"300\" height=\"214\" src=\"https:\/\/seel-sp.org.br\/web\/wp-content\/uploads\/2023\/09\/cinemark-1-1.jpg\" class=\"attachment-large size-large wp-image-224\" alt=\"SEEL Descontos para cinema, teatro e muito mais\" \/>\t\t\t\t\t\t\t\t\t\t\t\t\t\t\t<\/div>\n\t\t\t\t<\/div>\n\t\t\t\t<\/div>\n\t\t<div class=\"elementor-element elementor-element-ad08491 e-con-full e-flex e-con e-child\" data-id=\"ad08491\" data-element_type=\"container\">\n\t\t\t\t<div class=\"elementor-element elementor-element-9c13e18 elementor-widget elementor-widget-text-editor\" data-id=\"9c13e18\" data-element_type=\"widget\" data-widget_type=\"text-editor.default\">\n\t\t\t\t<div class=\"elementor-widget-container\">\n\t\t\t\t\t\t\t\t\t<p><strong>Descontos para cinema, teatro e muito mais<\/strong><\/p><p>O associado do SEEL tem <strong>ingressos com desconto na Rede Cinemark<\/strong>! E cheque-teatro tamb\u00e9m, com valores reduzidos em v\u00e1rias pe\u00e7as. Clique aqui para conferir a lista completa de servi\u00e7os com descontos incr\u00edveis!<\/p>\t\t\t\t\t\t\t\t<\/div>\n\t\t\t\t<\/div>\n\t\t\t\t<\/div>\n\t\t\t\t<\/div>\n\t\t\t\t\t<\/div>\n\t\t\t\t<\/div>\n\t\t\t\t<\/div>\n\t\t","protected":false},"excerpt":{"rendered":"<p>Isen\u00e7\u00e3o da contribui\u00e7\u00e3o assistencial Legitimada pelo artigo 545 da CLT, a contribui\u00e7\u00e3o assistencial \u00e9 descontada na folha de pagamento de todos os trabalhadores.\u00a0A taxa negocial, que garante a exist\u00eancia e manuten\u00e7\u00e3o da sua entidade sindical, obedece \u00e0 legisla\u00e7\u00e3o. A cobran\u00e7a da taxa ser\u00e1 realizada de acordo com a lei, referendada por assembleias convocadas para deliberar [&hellip;]<\/p>\n","protected":false},"author":2,"featured_media":0,"parent":0,"menu_order":0,"comment_status":"closed","ping_status":"closed","template":"elementor_header_footer","meta":{"footnotes":""},"class_list":["post-197","page","type-page","status-publish","hentry"],"_links":{"self":[{"href":"https:\/\/seel-sp.org.br\/web\/wp-json\/wp\/v2\/pages\/197","targetHints":{"allow":["GET"]}}],"collection":[{"href":"https:\/\/seel-sp.org.br\/web\/wp-json\/wp\/v2\/pages"}],"about":[{"href":"https:\/\/seel-sp.org.br\/web\/wp-json\/wp\/v2\/types\/page"}],"author":[{"embeddable":true,"href":"https:\/\/seel-sp.org.br\/web\/wp-json\/wp\/v2\/users\/2"}],"replies":[{"embeddable":true,"href":"https:\/\/seel-sp.org.br\/web\/wp-json\/wp\/v2\/comments?post=197"}],"version-history":[{"count":64,"href":"https:\/\/seel-sp.org.br\/web\/wp-json\/wp\/v2\/pages\/197\/revisions"}],"predecessor-version":[{"id":1073,"href":"https:\/\/seel-sp.org.br\/web\/wp-json\/wp\/v2\/pages\/197\/revisions\/1073"}],"wp:attachment":[{"href":"https:\/\/seel-sp.org.br\/web\/wp-json\/wp\/v2\/media?parent=197"}],"curies":[{"name":"wp","href":"https:\/\/api.w.org\/{rel}","templated":true}]}}