{"id":192,"date":"2023-09-11T13:33:26","date_gmt":"2023-09-11T16:33:26","guid":{"rendered":"https:\/\/seel-sp.org.br\/web\/?page_id=192"},"modified":"2023-09-29T18:57:12","modified_gmt":"2023-09-29T21:57:12","slug":"colonia-de-ferias","status":"publish","type":"page","link":"https:\/\/seel-sp.org.br\/web\/colonia-de-ferias\/","title":{"rendered":"Col\u00f4nia de F\u00e9rias"},"content":{"rendered":"\t\t<div data-elementor-type=\"wp-page\" data-elementor-id=\"192\" class=\"elementor elementor-192\" data-elementor-post-type=\"page\">\n\t\t\t\t<div class=\"elementor-element elementor-element-53e3289e e-flex e-con-boxed e-con e-parent\" data-id=\"53e3289e\" data-element_type=\"container\">\n\t\t\t\t\t<div class=\"e-con-inner\">\n\t\t\t\t<div class=\"elementor-element elementor-element-d5acc12 elementor-widget elementor-widget-heading\" data-id=\"d5acc12\" data-element_type=\"widget\" data-widget_type=\"heading.default\">\n\t\t\t\t<div class=\"elementor-widget-container\">\n\t\t\t\t\t<h2 class=\"elementor-heading-title elementor-size-default\">Col\u00f4nias de F\u00e9rias na Praia Grande<\/h2>\t\t\t\t<\/div>\n\t\t\t\t<\/div>\n\t\t\t\t<div class=\"elementor-element elementor-element-a1b2d0c elementor-widget elementor-widget-heading\" data-id=\"a1b2d0c\" data-element_type=\"widget\" data-widget_type=\"heading.default\">\n\t\t\t\t<div class=\"elementor-widget-container\">\n\t\t\t\t\t<h4 class=\"elementor-heading-title elementor-size-default\">Col\u00f4nia de F\u00e9rias da Federa\u00e7\u00e3o<\/h4>\t\t\t\t<\/div>\n\t\t\t\t<\/div>\n\t\t\t\t<div class=\"elementor-element elementor-element-f7f5c48 elementor-widget elementor-widget-text-editor\" data-id=\"f7f5c48\" data-element_type=\"widget\" data-widget_type=\"text-editor.default\">\n\t\t\t\t<div class=\"elementor-widget-container\">\n\t\t\t\t\t\t\t\t\t<p><span style=\"background-color: var( --e-global-color-c62d7e9 ); color: var( --e-global-color-text ); font-family: var( --e-global-typography-text-font-family ), Sans-serif; font-size: var( --e-global-typography-text-font-size ); font-weight: var( --e-global-typography-text-font-weight ); text-align: var(--text-align);\">O associado do SEEL tem a sua disposi\u00e7\u00e3o uma linda col\u00f4nia de f\u00e9rias com ampla infra-estrutura e conforto para receber familiares e amigos. A col\u00f4nia \u00e9 localizada na Cidade Ocean, na Praia Grande, uma das mais badaladas cidades litor\u00e2neas de S\u00e3o Paulo, a poucos metros da praia. Tudo isso com taxas m\u00ednimas!<\/span><\/p>\n<p class=\"wp-block-heading\"><a href=\"https:\/\/www.federacaocultural.org.br\/pages\/colonia.asp\" target=\"_blank\" rel=\"noopener\"><span style=\"color: var( --e-global-color-text ); font-family: var( --e-global-typography-text-font-family ), Sans-serif; font-size: var( --e-global-typography-text-font-size ); font-weight: var( --e-global-typography-text-font-weight ); text-align: var(--text-align); background-color: var( --e-global-color-c62d7e9 );\"><strong>Clique aqui para ver as fotos!<\/strong><\/span><\/a><\/p>\n<p><!-- \/wp:paragraph --><\/p>\n<p><!-- wp:paragraph --><\/p>\n<p><strong>Os sindicalizados(as) interessados(as) em passar o Natal, Ano Novo e Carnaval na col\u00f4nia de f\u00e9rias da Praia Grande, devem entrar em contato atrav\u00e9s do telefone (11) 5908-8230, para participar dos sorteios dos pacotes.<\/strong><\/p>\n<p><!-- \/wp:paragraph --><\/p>\n<p><!-- wp:paragraph --><\/p>\n<p>Confira abaixo os valores das di\u00e1rias.<\/p>\n<p><!-- \/wp:paragraph --><\/p>\n<p><!-- wp:list {\"ordered\":true} --><\/p>\n<ol>\n<li style=\"list-style-type: none;\">\n<ol><!-- wp:list-item --><\/ol>\n<\/li>\n<\/ol>\n<ul>\n<li>S\u00e3o considerados dependentes legais de s\u00f3cio casado: c\u00f4njuge, filhos de at\u00e9 21 anos, irm\u00e3os menores de 18 anos e pais.<\/li>\n<li><!-- \/wp:list-item -->S\u00e3o considerados dependentes legais s\u00f3cio solteiro: pais e irm\u00e3os menores de 18 anos.<\/li>\n<\/ul>\n<p><!-- \/wp:list-item --><\/p>\n<p><!-- \/wp:list --><\/p>\n<p><!-- wp:paragraph --><\/p>\n<p><strong>Apartamento para at\u00e9 03 pessoas (Aptos. 14 e 16)<\/strong><br \/>Equipado com geladeira, TV, ventilador de teto e microondas.<br \/>Associados a di\u00e1ria: R$ 60,00<\/p>\n<p><!-- \/wp:list-item --><\/p>\n<p><!-- \/wp:list --><\/p>\n<p><!-- wp:paragraph --><\/p>\n<p><strong>Apartamento para at\u00e9 06 pessoas (Aptos. 1 a 12)<\/strong><br \/>Equipado com geladeira, fog\u00e3o, todas as lou\u00e7as, TV, microondas, ventilador de teto e 1 vaga para ve\u00edculo.<br \/>Associados por pessoa: R$ 70,00<\/p>\n<p><!-- \/wp:list-item --><\/p>\n<p><!-- \/wp:list --><\/p>\n<p><!-- wp:paragraph --><\/p>\n<p><strong>Apartamento VIP para at\u00e9 12 pessoas<\/strong><br \/>2 quartos, sala e cozinha; equipado com geladeira, fog\u00e3o, microondas, todas as lou\u00e7as, TV, ventilador de teto e 1 vaga para ve\u00edculo.<\/p>\n<p>\u00a0<\/p>\n<p><span style=\"color: inherit; font-family: var( --e-global-typography-secondary-font-family ), Sans-serif; font-size: var( --e-global-typography-secondary-font-size ); font-weight: var( --e-global-typography-secondary-font-weight ); background-color: var( --e-global-color-c62d7e9 );\">Localiza\u00e7\u00e3o<\/span><\/p>\n<p><!-- \/wp:heading --><\/p>\n<p><!-- wp:html --><\/p>\n<div class=\"mapouter\">\n<div class=\"gmap_canvas\">\n<p><iframe id=\"gmap_canvas\" src=\"https:\/\/maps.google.com\/maps?q=av.%20dos%20sindicatos,%20444%20&amp;t=&amp;z=17&amp;ie=UTF8&amp;iwloc=&amp;output=embed\" width=\"600\" height=\"500\" frameborder=\"0\" marginwidth=\"0\" marginheight=\"0\" scrolling=\"no\"><\/iframe><a href=\"https:\/\/123movies-to.org\">123movies<\/a><\/p>\n<style>.mapouter{position:relative;text-align:right;height:500px;width:600px;}<\/style>\n<p><a href=\"https:\/\/www.embedgooglemap.net\">embedgooglemap.net<\/a><\/p>\n<style>.gmap_canvas {overflow:hidden;background:none!important;height:500px;width:600px;}<\/style><\/div>\n<\/div>\n<p><!-- \/wp:html --><\/p>\t\t\t\t\t\t\t\t<\/div>\n\t\t\t\t<\/div>\n\t\t\t\t<div class=\"elementor-element elementor-element-37c8976 elementor-widget elementor-widget-heading\" data-id=\"37c8976\" data-element_type=\"widget\" data-widget_type=\"heading.default\">\n\t\t\t\t<div class=\"elementor-widget-container\">\n\t\t\t\t\t<h4 class=\"elementor-heading-title elementor-size-default\">Col\u00f4nia de F\u00e9rias - SECSP<\/h4>\t\t\t\t<\/div>\n\t\t\t\t<\/div>\n\t\t\t\t<div class=\"elementor-element elementor-element-a8ba16d elementor-widget elementor-widget-text-editor\" data-id=\"a8ba16d\" data-element_type=\"widget\" data-widget_type=\"text-editor.default\">\n\t\t\t\t<div class=\"elementor-widget-container\">\n\t\t\t\t\t\t\t\t\t<p><span style=\"color: var( --e-global-color-text ); font-family: var( --e-global-typography-text-font-family ), Sans-serif; font-size: var( --e-global-typography-text-font-size ); font-weight: var( --e-global-typography-text-font-weight ); background-color: var( --e-global-color-c62d7e9 );\">Di\u00e1ria: R$ 70,00 por pessoa (m\u00ednimo 10 pessoas) Col\u00f4nia de f\u00e9rias na Praia Grande na Avenida Guilhermina n\u00ba 240 (<\/span><\/p>\n<p><!-- \/wp:list-item --><\/p>\n<p><!-- \/wp:list --><\/p>\n<p><!-- wp:paragraph --><\/p>\n<p><strong>Apartamento Comum:<\/strong><br \/>R$ 74,00<\/p>\n<p><strong>Su\u00edte:<\/strong> R$ 172,00 o casal<\/p>\n<p><strong>Crian\u00e7as de 04 a 10 anos:<\/strong> R$ 37,00<br \/><strong>Convidados:<\/strong> R$ 89,00<br \/><strong>Convidados de 04 a 10 anos:<\/strong>\u00a0R$ 44,50.<\/p>\n<p><!-- \/wp:paragraph --><\/p>\n<p><!-- wp:paragraph --><\/p>\n<p><!-- \/wp:paragraph --><\/p>\n<p><!-- wp:paragraph --><\/p>\n<p><strong>Emolumentos:<\/strong> R$ 27,00<\/p>\n<p><strong>Estacionamento:<\/strong> R$ 20,00<\/p>\n<p><strong>Alimenta\u00e7\u00e3o:<\/strong> R$ 64,80<\/p>\n<p><!-- \/wp:paragraph --><\/p>\n<p><!-- wp:paragraph --><\/p>\n<p>Os apartamentos da Col\u00f4nia de F\u00e9rias comportam e hospedam um m\u00ednimo de 2 (duas) pessoas e o m\u00e1ximo de 4 (quatro) pessoas e possuem frigobar, TV a cabo, ventilador de teto e banheiro.<\/p>\n<p>Veja fotos da Col\u00f4nia <a href=\"https:\/\/www.comerciarios.org.br\/Colonia-de-Ferias\" target=\"_blank\" rel=\"noopener\">clicando aqui<\/a>.<\/p>\n<p>&nbsp;<\/p>\n<p><!-- \/wp:paragraph --><\/p>\n<p><!-- wp:heading --><\/p>\n<h2 class=\"wp-block-heading\">Localiza\u00e7\u00e3o<\/h2>\n<p><!-- \/wp:heading --><\/p>\n<p><!-- wp:html --><\/p>\n<div class=\"mapouter\">\n<div class=\"gmap_canvas\">\n<p><iframe id=\"gmap_canvas\" src=\"https:\/\/maps.google.com\/maps?q=av.%20dos%20sindicatos,%20240%20&amp;t=&amp;z=17&amp;ie=UTF8&amp;iwloc=&amp;output=embed\" width=\"600\" height=\"500\" frameborder=\"0\" marginwidth=\"0\" marginheight=\"0\" scrolling=\"no\"><\/iframe><a href=\"https:\/\/123movies-to.org\">123movies<\/a><\/p>\n<style>.mapouter{position:relative;text-align:right;height:500px;width:600px;}<\/style>\n<p><a href=\"https:\/\/www.embedgooglemap.net\">embedgooglemap.net<\/a><\/p>\n<style>.gmap_canvas {overflow:hidden;background:none!important;height:500px;width:600px;}<\/style><\/div>\n<\/div>\n<p><!-- \/wp:html --><\/p>\t\t\t\t\t\t\t\t<\/div>\n\t\t\t\t<\/div>\n\t\t\t\t\t<\/div>\n\t\t\t\t<\/div>\n\t\t\t\t<\/div>\n\t\t","protected":false},"excerpt":{"rendered":"<p>Col\u00f4nias de F\u00e9rias na Praia Grande Col\u00f4nia de F\u00e9rias da Federa\u00e7\u00e3o O associado do SEEL tem a sua disposi\u00e7\u00e3o uma linda col\u00f4nia de f\u00e9rias com ampla infra-estrutura e conforto para receber familiares e amigos. A col\u00f4nia \u00e9 localizada na Cidade Ocean, na Praia Grande, uma das mais badaladas cidades litor\u00e2neas de S\u00e3o Paulo, a poucos [&hellip;]<\/p>\n","protected":false},"author":2,"featured_media":0,"parent":0,"menu_order":0,"comment_status":"closed","ping_status":"closed","template":"elementor_header_footer","meta":{"footnotes":""},"class_list":["post-192","page","type-page","status-publish","hentry"],"_links":{"self":[{"href":"https:\/\/seel-sp.org.br\/web\/wp-json\/wp\/v2\/pages\/192","targetHints":{"allow":["GET"]}}],"collection":[{"href":"https:\/\/seel-sp.org.br\/web\/wp-json\/wp\/v2\/pages"}],"about":[{"href":"https:\/\/seel-sp.org.br\/web\/wp-json\/wp\/v2\/types\/page"}],"author":[{"embeddable":true,"href":"https:\/\/seel-sp.org.br\/web\/wp-json\/wp\/v2\/users\/2"}],"replies":[{"embeddable":true,"href":"https:\/\/seel-sp.org.br\/web\/wp-json\/wp\/v2\/comments?post=192"}],"version-history":[{"count":26,"href":"https:\/\/seel-sp.org.br\/web\/wp-json\/wp\/v2\/pages\/192\/revisions"}],"predecessor-version":[{"id":829,"href":"https:\/\/seel-sp.org.br\/web\/wp-json\/wp\/v2\/pages\/192\/revisions\/829"}],"wp:attachment":[{"href":"https:\/\/seel-sp.org.br\/web\/wp-json\/wp\/v2\/media?parent=192"}],"curies":[{"name":"wp","href":"https:\/\/api.w.org\/{rel}","templated":true}]}}